 (5 - 12 - -14).
4
(-4 - (-6 - 4)) + (-6 - -3)
3
Calculate (-6 - -11) + 0 + 2.
7
Calculate -2 - (-3 + 5) - 3 - -14.
7
Calculate -1 + (3 - 7) - (-3 + 1).
-3
Calculate -3 - (-1 - -9 - 5).
-6
What is the value of 0 + 3 + -2 + 1 + 3?
5
What is 4 - 9 - -2 - -5 - 1?
1
Calculate -6 - 0 - -1 - -4.
-1
What is the value of 1 - (2 + 0 - (-1 - -1))?
-1
Calculate 1 + -6 - (8 - (11 + 0)).
-2
Evaluate 8 + -4 + 4 + -8.
0
Evaluate 13 + -15 + (-3 - -1 - 0).
-4
5 - ((17 - 5) + 1 + -5)
-3
What is the value of (1 - -3) + (-1 - 5)?
-2
Evaluate -3 + (-3 - (1 - 3)) + 9.
5
What is the value of 4 + -4 + 0 + -2?
-2
What is the value of -6 - (1 - (-3 - -6))?
-4
Calculate 6 - -2 - 8 - -5.
5
Calculate (-1 - 1) + -3 - 0.
-5
What is the value of (-27 - -24) + 6 + (2 - 1)?
4
-3 + (1 - -1) - -5 - 3
1
Calculate (-3 - 0) + 8 + -3.
2
What is 1 + (1 - 1) + -2 + 5?
4
-12 + (9 - 7) + 3
-7
What is the value of 2 + (3 - (5 + 1))?
-1
Evaluate 1 + 10 + 9 + (0 - 13).
7
What is -3 + (8 - -1) + -3?
3
0 + 7 + (-7 - -8)
8
(8 + 4 - 3) + -2
7
Evaluate (-6 - -13) + -15 + 11.
3
2 + (-5 - (0 + -6 + 2))
1
What is (4 - 7) + (-5 - (0 + -11))?
3
What is the value of -1 + (5 - -1) + -3?
2
16 + (-3 - (10 + -5))
8
-2 + (0 + 0 + 4 - 1)
1
What is the value of 10 - 1 - (27 + -19)?
1
Calculate 0 - (-6 - (-9 - 1)).
-4
Calculate (-13 - (-27 + 14)) + -10.
-10
What is the value of -29 + 20 - (-7 - 2)?
0
0 + 1 - (-1 - (-6 + 0))
-4
Calculate -2 - (3 - (5 + 4)).
4
Calculate (5 - 3) + 36 + -30.
8
Calculate 1 - (11 + -3) - -5.
-2
What is -4 - (-2 - (3 + -3)) - 0?
-2
6 - (3 + -1) - 4
0
13 + -12 - (4 - 1)
-2
Calculate -5 - -9 - (12 + -5).
-3
Calculate -10 - (6 + -25 + 10).
-1
What is 1 + -5 + -2 - (39 + -41)?
-4
What is the value of 4 + -5 + 7 + -6?
0
What is the value of -1 + 3 + -1 + -6?
-5
Calculate (-3 + 2 - 1) + 0.
-2
Evaluate (0 - -5) + -18 + 18.
5
(-16 - -21) + (-10 - 0) + -1
-6
-10 - ((6 - 15) + 0)
-1
-1 + 0 + -7 + (1 - -2)
-5
(-6 - -14) + -12 + (0 - 0)
-4
Evaluate (1 - 7) + (0 - -5).
-1
What is 3 + (1 - (13 + -8))?
-1
What is the value of (-2 - 2) + (-1 - (7 - 10))?
-2
Evaluate 3 + (-16 + 0 - -6).
-7
(0 - 8) + -77 + 80
-5
4 - (-6 + -1) - 9
2
-2 + -6 - (-33 + 26)
-1
What is the value of ((2 - 4) + 3 - -1) + 3?
5
What is 11 + (-16 - -9) - (1 + 2)?
1
What is the value of 2 - 5 - (-12 + 0 + 4)?
5
Calculate 11 + -7 + -4 + 7 + -1.
6
Calculate 0 + 2 + -1 + 3 - -1.
5
What is the value of (4 - 6) + 1 + 5?
4
Calculate (0 - (1 - 5)) + (5 - 6).
3
What is 2 - (-4 + 8 + -5)?
3
Calculate 0 + 0 + -6 + 45 + -44.
-5
What is the value of (0 - -1) + 10 + -13?
-2
What is 1 + (-6 - (3 + -3)) + 8?
3
What is the value of 0 + (-1 - -5) + -3?
1
2 + -4 + 0 + 4 + -1
1
Calculate 19 + -24 + (0 - -9).
4
What is the value of -6 - ((-1 - 0) + -9)?
4
Evaluate (4 + (-1 - 0) - 4) + -3.
-4
6 + (-8 - -6) + -3
1
What is -1 + -1 - (2 + (-1 - 8))?
5
Calculate 0 + -8 - (-14 + 9).
-3
Calculate -6 + 6 + 5 - 10.
-5
Calculate -8 + -5 + 2 + 3 - -5.
-3
Calculate (2 - 5) + 4 + (5 - -2).
8
Calculate 10 - (8 + (-2 - 3)).
7
Calculate (-1 - -2 - (-4 - -9)) + -1.
-5
Evaluate 3 + -3 + 4 - 0.
4
What is the value of (0 - -1) + (-6 - -4)?
-1
What is the value of 11 - 2 - (4 - 3)?
8
Calculate 11 + -15 + 7 + -11.
-8
Evaluate (5 + (3 - 5) - -2) + -3.
2
Calculate -52 + 49 + 7 + 1.
5
What is the value of (-4 + 0 - 3) + (4 - -1)?
-2
Calculate 9 - 29 - -17 - (-9 - 1).
7
Calculate 3 - (3 - 2) - (0 - -4).
-2
Evaluate (0 - -1) + 2 + 2 + -3.
2
Calculate 6 - -1 - (2 - -5).
0
-1 - (-5 + 4 + -1 - -3)
-2
16 - (24 - 13) - (1 - -13)
-9
(-6 - (2 - 5)) + 1 + 0
-2
Calculate -3 - (-2 - 1 - -3) - -4.
1
-3 + 5 + 12 + -16
-2
What is the value of (6 - (-4 - -9)) + -1 + -1?
-1
What is 10 - (10 - (4 - -4))?
8
-6 - ((1 - 1) + -7)
1
Evaluate 22 - 25 - (-5 + 1).
1
-3 - -5 - 9 - 1
-8
What is the value of 0 + (7 - 6) + -1 + -3?
-3
Calculate -2 - (-2 - (-7 - (-6 + 3))).
-4
What is -1 - ((-1 - 3) + 7 + -5)?
1
Calculate 0 - (-3 + (-2 - -6)).
-1
What is -1 + -4 + -4 - (-3 - 2)?
-4
Evaluate -1 + 8 + (10 - 17).
0
What is the value of (-32 - -35 - (1 - -14)) + 3?
-9
2 + -2 + -4 + 0 + 4
0
What is -11 + 3 + -8 + 18?
2
What is the value of 3 - (9 + (-4 - -6))?
-8
What is the value of 2 - (-3 + 0 + (-9 - -9))?
5
-5 + (2 + 3 - (12 - 10))
-2
What is the value of (6 - 11) + (1 - -5) + -3?
-2
What is (0 - -7) + 16 + -19?
4
What is the value of 9 + -2 + -4 + 2?
5
Calculate -45 + 37 + 7 + (-1 - 0).
-2
What is the value of 2 - (2 + (-3 - -2) + -4)?
5
-2 - (-4 + (-4 - -11))
-5
What is 2 - (2 - (5 + -2))?
3
What is the value of -1 + (2 - (-3 + -1 + 6))?
-1
-2 - (2 + 2) - (1 - 1)
-6
Calculate (-1 - 10 - -4) + 3 + -3.
-7
What is the value of 9 + (7 - (-8 + 16))?
8
What is the value of -4 - 0 - (21 + -22)?
-3
Calculate 3 + (-2 - -2) - 8 - -2.
-3
(-3 - -1) + 0 + (-1 - -4)
1
-6 - -10 - (7 - (10 - 5))
2
What is the value of -10 - (4 + -15) - (-1 + -4)?
6
Evaluate 1 - -12 - (-11 + 11 - -6).
7
What is the value of 1 - (4 + 1 - (10 - 7))?
-1
What is the value of (7 - 10) + (-1 - (-1 + -3))?
0
Evaluate 0 + (0 - -7 - 9).
-2
What is 0 - -1 - (7 - 8)?
2
2 + -4 + 0 + -3
-5
Calculate (1 - 3) + -18 + 13 - -13.
6
What is the value of (2 - 3) + -1 + 3 + -6?
-5
What is the value of 12 - 11 - ((-5 - -17) + -3)?
-8
What is (-3 - (3 - (13 - -5))) + -5?
7
What is the value of 5 - (11 - (-1 - -2))?
-5
What is -7 + 0 + 26 + -24?
-5
(-7 - -9 - 10) + 2
-6
Evaluate (-4 - (0 + -4)) + 1.
1
Calculate 1 - ((0 - 0) + 2 + -3).
2
What is (-9 - 0) + (3 - -7) + -6?
-5
Evaluate -2 + -1 + -5 - -3.
-5
Calculate -2 + -3 + 5 + (-2 - -3).
1
Calculate 21 + -8 + -2 + -1 + -4.
6
What is -12 + 12 + (0 - 2)?
-2
What is (-8 + 1 - -21) + -6?
8
What is 5 - 0 - (17 + -20)?
8
(-4 - -8 - 3) + -4
-3
Evaluate -6 + -5 + 8 + 1.
-2
Calculate -4 + (4 - 4) + 6 - 6.
-4
-6 + (-2 - -6) - (-1 - 0)
-1
0 + -6 + 7 + -4
-3
Evaluate (-2 - 1) + (5 - 4) - 0.
-2
What is -1 + -8 + (65 - 62)?
-6
What is 2 - (3 - (-9 + 6))?
-4
What is (1 - 0) + (4 - 5)?
0
54 - 51 - (7 - (2 - 1))
-3
8 + -2 + 8 + -15 + 7
6
4 + 7 + -4 - 5
2
Calculate (3 + -3 - 1) + 3 + -1.
1
What is the value of 2 - (-2 + 6 + -1)?
-1
Evaluate 1 + (1 - -2) + -2 - 5.
-3
What is ((-4 - -2) + 3 - -2) + -2?
1
Evaluate -4 + 9 + 1 + (5 - 3).
8
What is the value of 4 - (-3 + (-5 - -14))?
-2
Evaluate (10 + -10 - -5) + 3.
8
Calculate 9 + (5 + -2 - 16).
-4
Calculate -3 + 9 + -3 + -6 + 1.
-2
(9 - (-2 + -4 + 11)) + -10
-6
-18 - (6 + -16) - -8
0
What is -2 + -1 + (5 - 5)?
-3
(-5 - (-6 + 5)) + 4
0
What is 0 - (2 + 1 + -2 + 1)?
-2
Evaluate (4 - 4) + (-7 - (-4 - 0)).
-3
What is 1 - (7 + 12 + -20)?
2
Calculate 7 + -1 + -7 + -1.
-2
(-14 - -2) + (5 + -10 - -11)
-6
Evaluate 6 + -6 - -2 - -3 - 0.
5
Calculate 0 - ((-9 - -4) + 4).
1
Evaluate -10 - (-9 - -15 - 14).
-2
What is the value of -2 - (-2 - (-1 + 0 + 2))?
1
What is 4 - ((-2 - -2) + (1 - -4))?
-1
What is the value of (6 - 0) + 4 + -4 + -5?
1
Evaluate 2 + -8 + 9 + -5.
-2
Evaluate (-7 + 1 - -9) + 3.
6
Evaluate (1 + 2 - 2) + 3 - 2.
2
What is the value of -1 + 2 + 1 + (-5 - -4)?
1
Evaluate 4 + (-5 - -7) - 6.
0
9 + (-1 - 13) + 0
-5
Evaluate (-4 - 2 - 0) + -7 + 5.
-8
73 + -85 - (-6 - 0)
-6
(5 - 9) + 2 + 1 + 2
1
Calculate 3 + 2 + -8 + 0.
-3
Calculate 1 + 4 - ((-3 - 5) + 9).
4
Calculate 6 + -5 - (0 - 3) - -3.
7
What is -2 + (2 + 1 - (18 + -12))?
-5
What is 0 + 4 + 2 + -5 - -3?
4
What is 1 - -2 - (-1 - 1 - -5)?
0
Calculate (15 - 10 - 23) + 10.
-8
Calculate 3 + -2 + (-7 - (2 + -2)).
-6
Evaluate -3 - -7 - (3 + -1).
2
What is the value of -16 + 9 + 13 + (0 - 3)?
3
Evaluate 8 + -2 + -2 + -1.
3
What is the value of -2 - (12 + -20) - 1?
5
6 + 2 + 2 + -3
7
What is -8 + (2 - -3) + 2?
-1
-1 + -1 - 2 - -1
-3
What is 9 + (-3 + 4 - 10)?
0
What is the value of 7 - (6 + 13 + -9)?
-3
What is the value of -1 - (-1 + -1 + 0 + 3)?
-2
Evaluate 3 + (-1 - (-5 - -3)).
4
What is the value of 5 + -1 + -2 + (4 - 3)?
3
Evaluate 1 + -6 - (-6 - -2 - 2).
1
Calculate -8 - (-9 + 14 + (-6 - 2)).
-5
-9 + 12 + -10 + 8
1
(2 + 1 - 2) + -3
-2
Calculate 4 + 3 + -6 + 2.
3
-2 + 2 + 0 + -2
-2
What is 2 - (8 - 2 - (-18 - -20))?
-2
2 + (-3 + 4 - 2)
1
What is (38 + -31 - (1 + 5)) + -1?
0
2 - 11 - (-6 - -3)
-6
What is 2 - (4 + 3) - (0 + 0)?
-5
-2 - 6 - (-20 + 18)
-6
Evaluate (4 - 5) + (0 - -2).
1
(0 - (-4 + 3)) + -2
-1
-1 - -13 - (17 - 2 - 9)
6
What is the value of 7 + -12 + 6 - (0 + 5)?
-4
What is 0 - -2 - (-10 + 7)?
5
Evaluate -10 - (-2 + -